u + 155 = 0. Suppose 110 = i + 30. Suppose -5*d + i = -d + 4*c, -68 = -5*d + 3*c. What is the remainder when u is divided by d?
15
Let p(n) = -12*n + 2. Let s(i) = i - 1. Let j(d) = p(d) + 2*s(d). What is the remainder when j(-3) is divided by 8?
6
What is the remainder when (-1)/(-8) + (-504)/(-64) is divided by 5?
3
Let v(k) = 2*k**2 + k - 6. What is the remainder when v(4) is divided by 16?
14
Let g(h) = h - 7. Let s be g(9). Suppose -c - z = 2*z - 20, -s*z = c - 19. Let w = c + -11. Calculate the remainder when w is divided by 4.
2
Let j = 65 - 34. Let g(c) = 5*c. Let w be g(1). What is the remainder when 11 is divided by j/w - 1/5?
5
Let y be 2/(0 + 2) + 3. Suppose -3*m + 65 = u, 4*m - 70 = 4*u + 38. Calculate the remainder when m is divided by 279/21 + y/(-14).
10
Let h = -195 + 211. What is the remainder when h is divided by 4?
0
Suppose -151 - 101 = -6*s. What is the remainder when s is divided by 9?
6
Suppose 10 = -h + 2*m - 1, -4*h - m - 8 = 0. Suppose -5*a + 106 = 4*n, -4*a - 4 = -2*a. Calculate the remainder when n is divided by (15/h)/((-2)/4).
9
Let h = 17 + -19. What is the remainder when (h - 1) + 83 - -3 is divided by 21?
20
Suppose -10 = 5*p - 4*a + 3, -3 = -p - 2*a. Let f be 1*(p - (-1 - 1)). What is the remainder when 32 is divided by (1 + f - 0) + 9?
10
Let k be 9*((-3)/9 - -1). Let c = 1 + k. What is the remainder when c is divided by 3?
1
Let a(j) = -j**2 - 4*j - 1. Let c be a(-6). Let b = 3 + c. What is the remainder when (b/35)/(2/(-14)) is divided by 2?
0
Suppose -9 = -d + 3*i - 22, -2*i + 4 = -3*d. Let t(m) = -m**3 + 5*m**2 - 3*m. Calculate the remainder when 23 is divided by t(d).
5
Let k(f) = -f**3 - 6*f**2 - 6*f. Let u be k(-4). Let p = u - -23. What is the remainder when 59 is divided by p?
14
Suppose -2*j = 4*z - 14, -2*j = -z - j + 5. Suppose -z*w - 117 = -5*v, -4*w - 21 = -2*v + 33. What is the remainder when v is divided by 12?
9
What is the remainder when 60/9 + 22/(-33) is divided by 4?
2
Let u = -101 - -170. Calculate the remainder when u is divided by 14.
13
What is the remainder when 112 is divided by (-1)/(-8)*8 + 18*1?
17
Suppose q - 2*a = -3, -3*q - 3*a = -6 - 21. Suppose 160 - 60 = q*t. What is the remainder when t is divided by 11?
9
Let j = -37 + 18. Let a = 43 + j. What is the remainder when 45 is divided by a?
21
Suppose 5*m + 1 = 26. Suppose -m*n + 4 = -61. Calculate the remainder when 8/(-36) + 454/18 is divided by n.
12
Suppose -q - 4*q = -30. Suppose 0 = 3*u - q*u + 30. What is the remainder when 19 is divided by u?
9
Suppose -2*w + 37 = 3*h, 0*h = -h - 1. Suppose 5*n - 8 = 2*a + 40, 3*n - 68 = 4*a. What is the remainder when w is divided by (a/4)/(2/(-4))?
6
Let i = -13 - -18. Suppose -2*h + h = -5*b, -i*h - 2*b + 81 = 0. What is the remainder when 29 is divided by h?
14
Let o = -3 - -5. What is the remainder when 6/(o + (-5)/4) is divided by (-5)/(-15) - (-28)/6?
3
Let y = 9 + -4. Suppose -18 = -y*t + 3*t. What is the remainder when 26 is divided by t?
8
Let v(b) = 4*b**2 - b + 1. Let c be v(1). Suppose 2*d + o = -3, d - 15 = 2*o - c. What is the remainder when 29 is divided by (d - 0) + (2 - -7)?
9
Suppose 5*z - 135 - 100 = 0. Let c = 97 - 85. What is the remainder when z is divided by c?
11
Let u(p) = -p**2 + 6*p + 1. Let q be u(5). Suppose 7*r = q*r + 31. What is the remainder when r is divided by 11?
9
Suppose 5*f - 44 = -3*h, -2*h + 2*f + 3*f = -46. Calculate the remainder when 69 is divided by h.
15
Let z be 3/(-6) - (-10)/4. Let n = 2 + z. Suppose 0 = 2*i + 4*c - 20, 0*c + 30 = n*i - 2*c. What is the remainder when 13 is divided by i?
5
Suppose 40 = 2*x + 6. Suppose 0 = 2*w - 3*z - 60 + 9, 5*w + 3*z - 180 = 0. What is the remainder when w is divided by x?
16
Let i be (27 - -3)*(-8)/(-20). Calculate the remainder when 41 is divided by 7/((20/i)/5).
20
Suppose -r - y = 127, -514 = 5*r - 5*y + 141. Let i = -78 - r. What is the remainder when i is divided by 13?
12
Suppose 85 = -k + 118. What is the remainder when k is divided by 18?
15
Suppose x = 4, x = -2*s - 2*x + 16. Calculate the remainder when s is divided by 2.
0
Suppose -1 = 3*u - 4. Let y = 9 - 5. Suppose 4*p + 4*o - y = o, 4*p - 4 = 3*o. Calculate the remainder when u is divided by p.
0
Let m = 7 - -13. Calculate the remainder when m is divided by 11.
9
Let w(d) be the second derivative of d**3/3 - 3*d**2/2 + d. What is the remainder when 16 is divided by w(6)?
7
Suppose 0 = 5*w - g - 51, 0*w - 2*w = 4*g - 38. Suppose 0 = -2*t - 2*h + 42, 5*t - 116 = -3*h - 13. What is the remainder when t is divided by w?
9
Let b = 11 - 9. Calculate the remainder when 1/b + 70/4 is divided by 21/2 - (-1)/(-2).
8
Let q = 11 - 7. Suppose 4*u = -5*t + 61, -3 = -q*u - 4*t + 53. Let z(x) = -5*x + 4. What is the remainder when z(-4) is divided by u?
6
Suppose 4*g - 20 = 5*m, 2*g + 2*g - 20 = m. Suppose 0 = u - g*u + 132. What is the remainder when u is divided by 9?
6
Let p(v) = 2*v + 38. Calculate the remainder when p(7) is divided by 18.
16
Let g = 97 - 83. Calculate the remainder when 19 is divided by g.
5
Let r(k) = 3*k + 7. Calculate the remainder when r(3) is divided by 7.
2
Let y(l) = -l**3 + 5*l**2 - 2*l + 1. Let n = 12 - 8. What is the remainder when ((-4)/6)/((-8)/204) is divided by y(n)?
8
Let f be -25 + 2 + (-4 - -2). Let s = -16 - f. What is the remainder when 15 is divided by s?
6
Let u(a) = -a**2 - 8*a - 3. Suppose -2*d = 5*t - 92, 4*d = t + t + 136. What is the remainder when d is divided by u(-4)?
10
Let z = 8 + -3. Let f(u) = 3*u + 3 + z*u**2 + 0*u**2 + 0*u. What is the remainder when f(-2) is divided by 9?
8
Let v(a) = 3*a**2 - 3*a**2 + a**3 - 7*a**2 - 3 - 3 - 6*a. Calculate the remainder when 27 is divided by v(8).
7
Suppose 0 = 4*y - 13 + 5. Suppose -p - y + 6 = 0. Calculate the remainder when 10 is divided by p.
2
Let f(n) = -2*n - 14. Let y = 7 + -5. Calculate the remainder when f(-13) is divided by 0 + -7*(y - 3).
5
What is the remainder when 64 is divided by 2/2*(-66)/(-3)?
20
Let t = -4 - -9. Let o(c) = -14*c - t*c + 5*c. What is the remainder when 26 is divided by o(-1)?
12
Let p be 2*1*10/4. Let j be (-634)/(-10) + 10/(-25). Suppose 4*n - 4*g - 88 = 0, -5*g + j - p = 3*n. Calculate the remainder when n is divided by 8.
5
Suppose 0 = -10*r + 85 + 15. Calculate the remainder when 29 is divided by r.
9
Suppose -52 = -5*g - 2. What is the remainder when 79 is divided by g?
9
Let f = -41 - -61. What is the remainder when (-8)/(-12)*531/6 is divided by f?
19
Suppose 5*g - 35 = 2*y - 4*y, 2*g = 5*y + 43. Suppose 4 - g = -u. Calculate the remainder when 8 is divided by u.
3
Let i = 14 - -3. Calculate the remainder when 33 is divided by i.
16
Suppose -12 = -0*p - 4*p - 2*n, 2*n + 2 = 3*p. Suppose 2*x - 5 - 5 = 0. What is the remainder when x is divided by p?
1
Let w(o) = -8*o + 10. Let m(s) = -3*s + 3. Let p(t) = 7*m(t) - 2*w(t). What is the remainder when p(-5) is divided by (16/28)/(2/49)?
12
Suppose 0 = -t - 2*x + 11, 4*t - 2*t - 5*x + 14 = 0. Calculate the remainder when (-210)/(-20) - 2/4 is divided by t.
1
Let n(k) = -k**3 - 5*k**2 + 16*k + 22. Let c = -4 - -2. Calculate the remainder when 15 + 0*1/c is divided by n(-7).
7
Suppose -27*z - 16 = -29*z. What is the remainder when z is divided by (-8)/(-2) + (0 - 1)?
2
Suppose 8*d - 3*d - 70 = 0. What is the remainder when 41 is divided by d?
13
Let i be (-20)/(-9) + 4/(-18). Calculate the remainder when (-1)/(i/(58/(-1))) is divided by (-1 + 10/(-40))/((-1)/8).
9
What is the remainder when 26 is divided by (7/14)/((-2)/(-40))?
6
Let m(j) = 5*j**2 + 3*j - 6. Let f be m(-5). Suppose -4*x - f = -8*x. Calculate the remainder when x is divided by (-194)/(-22) - (-16)/88.
8
Suppose 0 = m - d - 83, 0 = 3*m + 5*d - 2*d - 219. Calculate the remainder when m is divided by 8.
6
Suppose 0 = 3*g - 2*g - 10. What is the remainder when g is divided by ((-78)/(-13))/((-3)/(-2))?
2
Let n(z) = -z**3 + 10*z**2 - 9*z + 8. What is the remainder when n(8) is divided by 17?
13
Suppose -4*y + u = 6*u - 29, 0 = 5*y + 4*u - 25. Let p be 132/21 - 2/7. Suppose 5*f = 4 + p. Calculate the remainder when f is divided by y.
0
Let s(i) = -37*i + 0 - 3 - 5*i. Let a be s(4). What is the remainder when 55 is divided by 4/6*a/(-6)?
17
Let p = -83 - -107. Suppose c - 3 = -3*v + 3, -2*c = -3*v - 21. Calculate 